9. What is the remainder when d is divided by 28?
21
Let b = -507 - -539. What is the remainder when 56 is divided by b?
24
Let y(c) = -c**3 + 9*c**2 + 4*c - 3. Suppose 0 = -3*l + 51 + 3. Calculate the remainder when y(9) is divided by l.
15
Let q(r) = 19*r + 439. Calculate the remainder when 151 is divided by q(-19).
73
Let v(n) = 2*n**3 - 86*n**2 + 6*n - 142. What is the remainder when v(43) is divided by 7?
4
Suppose 0 = -5*v + 2*n + 2, 2*v - 5*n - 2 = -3*n. Suppose 0 = 2*u - v*u - 4. Suppose 0*f + 4 = u*f. Calculate the remainder when 2 is divided by f.
0
Let u be 7 + (-2 - (1 - -1)). Calculate the remainder when (u/((-6)/(-7)))/(9/36) is divided by 4.
2
Calculate the remainder when 6/(3 - 0)*4 is divided by 6.
2
Let h = -42 + 61. Suppose -5*t - 2*f + 283 = 2*f, -2*t + 3*f + 104 = 0. What is the remainder when t is divided by h?
17
Suppose 3*a - 39 = -c, 4*a - 3*c - 40 = 25. What is the remainder when ((-9)/(-2) + 3)/(6/132) is divided by a?
11
Suppose 3*r + 0*r - 27 = 0. Suppose -r*d + 8 = -10. Calculate the remainder when 6 is divided by d.
0
Suppose -180 = -m + 5*m. Let d = -11 + 15. What is the remainder when (1/(-3))/(3/m) is divided by d?
1
Suppose 4*x = -4*m + 5*m + 11, 4*x = 8. Calculate the remainder when 67 is divided by 75/5 + (m - 8/(-4)).
11
Let s(a) = 2*a**2 - 2*a. Suppose 0 = 3*z - 21. Let j(k) = -k**2 + 7*k + 3. Let i be j(z). What is the remainder when 22 is divided by s(i)?
10
Let n = -18 + 69. Suppose -245 - n = -4*l. Calculate the remainder when l is divided by 28.
18
Let n = 255 - 57. Suppose 0 = -4*f + 2*h - 234, 2*f = 5*f + 3*h + 189. Let p = n + f. Calculate the remainder when p is divided by 35.
33
Let o = -415 + 465. What is the remainder when 97 is divided by o?
47
Suppose 2*m + w - 35 = 0, -5*m + w = -w - 92. Suppose -4*x + 8*x - 272 = 0. Calculate the remainder when x is divided by m.
14
Suppose 5*u = 5*v - 59 - 6, -2*u + 52 = 4*v. Let r be (1 + 9)*66/(-12). Let n = 80 + r. Calculate the remainder when n is divided by v.
12
Suppose -n = -19 - 15. Suppose i - 5*h - 120 = 0, 5*i + h - 470 = -0*h. What is the remainder when i is divided by n?
27
Suppose 5*w = 8*w - 24. Suppose 256 = w*p - 0*p. What is the remainder when 158 is divided by p?
30
Let c(u) = -4*u + 80. Calculate the remainder when 28 is divided by c(19).
0
Let b(g) = 2*g + 36. Let h = 31 - 21. Calculate the remainder when h is divided by b(-15).
4
What is the remainder when -1*(-13)/(26/576) is divided by 74?
66
Suppose -5*h + 221 = 4*y - 0*h, 4*h - 106 = -2*y. Calculate the remainder when 171 is divided by y.
53
Let t be (-3 + 1)*-3 - 3. Suppose t*h - 43 - 2 = 0. Calculate the remainder when h is divided by 7.
1
Suppose 0 = -3*j + 3, 2*j + 28 = -3*a + 102. Let q = 35 - a. What is the remainder when 31 is divided by q?
9
Let x(l) = -11*l + 201. Calculate the remainder when 279 is divided by x(14).
44
Let s(t) = 21*t**2 - 7*t - 1. Let v be s(5). Suppose v = 5*m + 114. Calculate the remainder when m is divided by 39.
36
What is the remainder when (((-1575)/(-28))/(-9) - -6)*-492 is divided by 62?
61
Let p(j) = j**3 - 16*j**2 + 42*j - 31. Calculate the remainder when 31 is divided by p(13).
7
Suppose 0 = v + 30*v - 1922. What is the remainder when 185 is divided by v?
61
Calculate the remainder when 246 is divided by (-4 - -9) + 2/(-1) - -59.
60
Let x(p) = -p**3 + 5*p**2. Let w be x(5). Suppose w = -5*o + 226 - 16. What is the remainder when o is divided by 11?
9
Let u be (-1)/((-9)/(-6) + -3 + 1). Suppose 36 = 7*a - 3*a - n, u*n + 8 = 0. Calculate the remainder when 14 is divided by a.
6
Let h(m) = m**3 - m + 34. Calculate the remainder when h(0) is divided by 34/4 + 4/8.
7
Suppose 0 = 4*y - 56 - 24. What is the remainder when (-6)/(-21) - 9367/(-119) is divided by y?
19
Let p = 315 + -143. Suppose 2*d - p = -h, h - 437 = -4*d - 95. Calculate the remainder when d is divided by 44.
41
Let q(l) = 8*l - 31. What is the remainder when 47 is divided by q(6)?
13
Suppose -1032 = -20*m + 8*m. Calculate the remainder when m is divided by 22.
20
Let r be (-1)/(-2) - (-6)/4. Let o = 90 + -74. Calculate the remainder when (-5)/r*-18 + 1 is divided by o.
14
Let x(h) = 5*h**2 + 2*h - 1. Let i = 194 - -6. Suppose i = 4*q + 112. Calculate the remainder when q is divided by x(1).
4
Suppose -3*y = 3*b - 861, 857 = 5*y - 5*b - 558. What is the remainder when y is divided by 51?
30
Let h = -23 - -28. Suppose 0 = h*a - 46 - 29. Calculate the remainder when ((-39)/(-2) - -2)*2 is divided by a.
13
Suppose -14 = -2*s - 2, -4*g + 4*s = -152. Let p(c) = 2*c - 1. What is the remainder when g is divided by p(5)?
8
Suppose 4*h = 247 - 167. Calculate the remainder when -3 - (-58 - 0/2) is divided by h.
15
Let h(w) = 3*w - 8. Let u be h(10). Let q = u - 9. Calculate the remainder when 22 is divided by q.
9
Calculate the remainder when 1092/3 + (4 - 5) is divided by 14.
13
Let c = 74 - 44. Calculate the remainder when c is divided by 17.
13
Let b = -8 - -1. Let d(q) = -4*q - 10. Suppose 2*h = -1 + 21. Calculate the remainder when d(b) is divided by h.
8
Calculate the remainder when 68 is divided by (-1 - 41)*((-240)/56)/5.
32
Let q(d) = 4*d - 17. Let t be q(5). Suppose -32 = -b - t*b - 3*l, 4*l = 2*b - 16. What is the remainder when 38 is divided by b?
6
Let p = 19 - 14. Suppose -1 = p*q - 31. Suppose 3*y - c = 12, y + q = -4*c + c. Calculate the remainder when 8 is divided by y.
2
Suppose 2*g - 46 = -o, 2*g - 70 = -0*g + 5*o. Calculate the remainder when 174 is divided by g.
24
Suppose -66 - 834 = -12*u. What is the remainder when 116 is divided by u?
41
Suppose -939 - 561 = -10*h. Suppose 54 = 6*g - h. Calculate the remainder when g is divided by 7.
6
Let a(i) = -i - 14. Let y be a(11). Let s = y + 36. Calculate the remainder when 39 is divided by s.
6
What is the remainder when (-4)/30*3 + 5137/55 is divided by 16?
13
Let y(b) = b**2 - b - 37. Let f be y(0). Let v = 99 + f. What is the remainder when v is divided by (-1)/(((-2)/(-42))/(-1))?
20
Let t(g) be the third derivative of g**4/8 - g**3/2 - 2*g**2. Let v be t(4). Let x = -2 + v. Calculate the remainder when 12 is divided by x.
5
Let j be (6 + (-7 - 0))/((-2)/26). Suppose j*t - 96 = 7*t. Calculate the remainder when t is divided by 7.
2
Let r = -426 + 581. Calculate the remainder when r is divided by 76.
3
Calculate the remainder when (-22)/55 + (-3)/(30/(-1244)) is divided by 58.
8
Let x(k) = 3*k**3 - 4. Let s be x(-3). Let i = s + 210. Suppose -6*p + p + 5*d + i = 0, p - 9 = -3*d. What is the remainder when 60 is divided by p?
18
Suppose -53*a = -56*a. Suppose 3*m - 9 = a, 133 = 2*c + 3*m + 2*m. Calculate the remainder when c is divided by 22.
15
Let p(d) be the third derivative of -1/2*d**3 + 0 + 4*d**2 + 0*d - 5/6*d**4. Calculate the remainder when p(-4) is divided by 26.
25
Let v(l) = 2*l**2 - 14*l - 47. Suppose -5*t = -2*t - 105. Calculate the remainder when t is divided by v(10).
9
Let b(x) = -x**3 + 2*x**2 + 5. Let o(f) = f**3 - 3*f**2 + f - 4. Let h(w) = -3*b(w) - 4*o(w). Calculate the remainder when 65 is divided by h(4).
14
Suppose -5*v + 73 + 17 = 0. Suppose v + 20 = w. Suppose -5*n + 7*g + 150 = 2*g, n = 3*g + w. What is the remainder when n is divided by 14?
12
Let h = -30 + -64. Let v = h - -110. Let m = -16 + 26. Calculate the remainder when v is divided by m.
6
Let r(w) = 2*w**2 + 6*w - 7. Let z = -691 - -710. Calculate the remainder when r(5) is divided by z.
16
Suppose -5*w - 5*d + 130 = 0, 23*w + 5*d + 52 = 25*w. What is the remainder when w is divided by 6?
2
Let u = 54 - 22. Let k = 55 - u. Calculate the remainder when 91 is divided by k.
22
Suppose -58 = -2*d - 2*c, c + 1 = 5. Let t = 16 - d. Let v = 36 + t. What is the remainder when v is divided by 7?
6
Suppose 0*a + 18 = 2*a. Let y(q) = -25*q**3 - q**2 - 3*q - 1. Let b(t) = -t - 5. Let r be b(-4). Calculate the remainder when y(r) is divided by a.
8
Suppose 432 - 3 = 13*j. Suppose a + j = 81. What is the remainder when a is divided by 10?
8
Suppose -23 = -q + 4*l, -3*q - q + 3*l = -27. Suppose 0 = -3*d - 4*m + 5 + 6, -q*d = m - 14. Let r = 10 + d. Calculate the remainder when r is divided by 8.
7
Suppose 2*w = 3*z + 147, -2*z + 77 = w - 0*w. What is the remainder when w is divided by 16?
11
Let y = 13 + 8. Let s = -40 - -44. What is the remainde